o(-11).
-11
Let q(l) = 2*l**2 + 12*l + 6. What is q(-7)?
20
Let r(w) = -w**3 - 3*w**2 + 2*w + 12. Give r(-3).
6
Let v(q) = -3*q - 9. Give v(4).
-21
Let z(b) = -2*b**3 - b**2 - b - 1. Give z(-3).
47
Let v(s) = -s**2 - 10*s + 7. Calculate v(-12).
-17
Let o(f) = 4*f + 1. What is o(-3)?
-11
Let f(x) = -x**2 + 15*x. Calculate f(15).
0
Let a(n) = -7*n**3 - 1. Determine a(-1).
6
Let m(s) = -s**3 - 17*s**2 - 14*s + 35. Determine m(-16).
3
Let t(h) = -4*h - 16. Calculate t(-15).
44
Let t(m) = 2*m + 27. What is t(-13)?
1
Let g(v) = -2*v**2 - 2*v + 1. Calculate g(2).
-11
Let w(l) = -l**3 + 30*l**2 - 29*l - 6. Calculate w(29).
-6
Let g(i) = 10*i - 142. Give g(15).
8
Let j(w) = -w**3 + 12*w**2 + 40*w + 85. Calculate j(15).
10
Let a(p) = p**3 - 10*p**2 - 38. Calculate a(10).
-38
Let x(a) = -17*a**2 - a. What is x(-1)?
-16
Let v(t) = 2*t + 60. Give v(-17).
26
Let l(o) = -o**2 + 12*o + 52. Determine l(15).
7
Let s(n) = n**3 - 6*n**2 - 5*n - 10. Determine s(7).
4
Let w(u) = u**3 + 13*u**2 + 30*u + 38. What is w(-11)?
-50
Let n(j) = -j**2 - 2*j + 21. Determine n(0).
21
Let f(y) = y**3 + 3*y**2 - y - 1. Calculate f(-4).
-13
Let k(m) = -6*m - 20. Calculate k(-5).
10
Let t(i) = 3*i**2 + 23*i + 24. Determine t(-7).
10
Let z(b) = -b**2 + 25*b - 52. Determine z(23).
-6
Let k(q) = q**2 - 6*q + 5. Determine k(5).
0
Let y(q) = -10*q - 10. Give y(-4).
30
Let o(i) = 26*i + 463. Give o(-18).
-5
Let r(v) = 20*v - 98. Give r(8).
62
Let y(k) = k - 73. Calculate y(43).
-30
Let j(z) = z**3 - 16*z**2 + 22*z - 45. Determine j(14).
-129
Let g(n) = -n**3 + 16*n**2 - 27*n - 15. What is g(14)?
-1
Let b(g) = g - 4. Calculate b(9).
5
Let h(q) = -4*q**2 - 14*q + 5. Calculate h(-4).
-3
Let j(s) = -s**2 - 4*s - 8. Calculate j(0).
-8
Let y(m) = -11*m - 20. Determine y(-4).
24
Let d(s) = 6*s**2 - 5*s - 1. Give d(2).
13
Let j(t) = -t**3 + 6*t**2 + 7*t - 4. Calculate j(5).
56
Let g(k) = 14*k - 327. Calculate g(23).
-5
Let b(w) = 4*w**2 + 90*w + 89. What is b(-1)?
3
Let r(p) = p**3 + 6*p**2 + 9*p + 3. Determine r(-4).
-1
Let d(h) = -5*h**3 + h**2 + 7*h + 5. What is d(-1)?
4
Let d(v) = v - 7. Determine d(0).
-7
Let s(d) = 29*d - 11. Calculate s(1).
18
Let w(q) = -q**2 + q - 2. What is w(-4)?
-22
Let l(m) = -4*m**2 + m + 4. Give l(-2).
-14
Let h(q) = 12*q**2 + 6*q + 6. Calculate h(-3).
96
Let i(a) = a**2 - 29*a + 15. Give i(28).
-13
Let n(m) = -2*m**2 - 5*m - 8. Determine n(-4).
-20
Let v(z) = 3*z - 8. What is v(4)?
4
Let q(o) = o + 19. Calculate q(-11).
8
Let b(z) = -z**3 + 4*z**2 + 2*z + 11. Calculate b(5).
-4
Let d(m) = m**2 + 2*m - 8. Determine d(-8).
40
Let h(f) = 2*f**2 - 18. Give h(-4).
14
Let n(f) = 3*f - 10. Give n(-11).
-43
Let k(h) = -2*h + 2. Calculate k(3).
-4
Let o(g) = g**3 + 11*g**2 - 17*g + 3. Determine o(-12).
63
Let r(a) = 12*a**3 - a**2 + 1. Calculate r(1).
12
Let t(y) = -2*y - 13. What is t(4)?
-21
Let x(w) = 17*w + 3. Determine x(-2).
-31
Let g(o) = -4*o**2 + 14*o + 3. Calculate g(4).
-5
Let i(a) = 45*a. Determine i(2).
90
Let f(l) = 3*l - 108. Give f(32).
-12
Let l(f) = -f**2 + 11*f - 9. Calculate l(12).
-21
Let t(h) = 2*h**3 - 21*h**2 + 13*h - 11. Give t(10).
19
Let s(t) = t**3 + 9*t**2 - 2*t - 10. What is s(-9)?
8
Let j(i) = 9*i + 3. Give j(1).
12
Let o(b) = -b**2 - 20*b - 35. Calculate o(-17).
16
Let f(j) = 21*j - 168. What is f(11)?
63
Let i(c) = 2*c**2 + 50*c - 32. Give i(-25).
-32
Let p(n) = -4*n**3 - 7*n**2 - 4*n. Give p(-2).
12
Let g(k) = -4*k - 10. Determine g(7).
-38
Let n(g) = -g**3 + 5*g**2 - 2*g - 6. What is n(3)?
6
Let i(c) = c**3 + 17*c**2 + 18*c + 17. Give i(-16).
-15
Let t(n) = -n**3 + 8*n**2 - 9*n - 7. Give t(7).
-21
Let j(o) = -o - 2. Calculate j(8).
-10
Let i(z) = z + 3. Calculate i(0).
3
Let g(n) = -n**3 + 13*n**2 - 27*n - 17. Calculate g(10).
13
Let l(j) = -j**2 + 2*j + 8. Give l(6).
-16
Let q(j) = -8*j + 9. Determine q(-7).
65
Let t(y) = -y**2 - y - 16. Determine t(0).
-16
Let g(c) = c. What is g(1)?
1
Let m(n) = 10*n + 174. What is m(-16)?
14
Let t(m) = m - 68. Give t(-9).
-77
Let t(j) = -j**3 - 4*j**2 + 10*j + 18. What is t(-5)?
-7
Let o(m) = -m**3 - 2*m**2 + 2*m + 1. Determine o(-2).
-3
Let g(x) = -x**2 - x + 115. What is g(-11)?
5
Let i(b) = -33*b**3 + b**2 - 1. Determine i(-1).
33
Let d(t) = t**2 + t - 7. Give d(8).
65
Let m(g) = g - 6. Determine m(-9).
-15
Let m(l) = l**2 + 22*l + 24. Calculate m(-22).
24
Let w(x) = x**3 + 10*x**2 - 5*x + 1. Determine w(-10).
51
Let p(m) = 6*m - 24. Determine p(3).
-6
Let z(o) = o**2 + 11*o - 148. Give z(-19).
4
Let d(m) = -3*m + 7. Determine d(4).
-5
Let y(x) = -x**3 + 8*x**2 - 7*x - 11. Calculate y(6).
19
Let i(a) = -a**2 - 2*a + 3. Calculate i(0).
3
Let p(t) = t**3 - t**2 + 8*t - 15. Give p(2).
5
Let o(c) = -c**2 - 5*c - 3. What is o(-7)?
-17
Let k(b) = -b**2 + 3*b + 20. What is k(0)?
20
Let b(l) = 3*l**3 - 41*l**2 - 10*l - 34. Determine b(14).
22
Let f(i) = i**3 + 2*i**2 + 2*i - 5. Give f(2).
15
Let j(q) = -9*q**2 + 21*q - 3. Determine j(1).
9
Let i(t) = 5*t**2 + 30*t - 23. Calculate i(-7).
12
Let x(a) = -74*a + 2. What is x(1)?
-72
Let j(t) = 23*t**2 - 16*t + 13. What is j(1)?
20
Let s(m) = m**2 - 25*m - 28. Calculate s(22).
-94
Let s(m) = -m**3 - 28*m**2 - 27*m + 18. Give s(-27).
18
Let b(a) = -a**2 + 26*a + 42. What is b(27)?
15
Let s(a) = a - 4. Determine s(-3).
-7
Let g(m) = -2*m - 22. Give g(11).
-44
Let r(x) = -4*x - 19. What is r(0)?
-19
Let w(p) = -4*p + 36. What is w(10)?
-4
Let g(b) = -19*b - 685. Determine g(-36).
-1
Let g(q) = q**2 + 6*q - 25. What is g(-5)?
-30
Let d(o) = -16*o + 175. What is d(11)?
-1
Let g(w) = 203*w - 616. What is g(3)?
-7
Let n(z) = -z**3 + 7*z**2 - 7*z + 4. What is n(5)?
19
Let u(v) = -5*v + 1. Determine u(-5).
26
Let p(r) = 4*r**2 + 2*r - 2. Give p(2).
18
Let c(a) = -a - 20. Give c(-16).
-4
Let d(n) = n**3 + 28*n**2 + 56*n + 123. Calculate d(-26).
19
Let r(v) = -5*v + 37. Determine r(10).
-13
Let n(g) = -g**3 - 2*g**2 - 2*g - 2. Give n(-2).
2
Let k(m) = m**2 - 2*m + 2. Calculate k(1).
1
Let s(v) = -6*v**2 + 124*v + 36. Calculate s(21).
-6
Let w(j) = -3*j**2 + 83*j + 40. Determine w(28).
12
Let h(x) = -2*x**3 - 15*x**2 - 9*x. Give h(-7).
14
Let x(p) = 9*p - 212. What is x(24)?
4
Let n(i) = i**2 + 11*i + 7. Give n(-11).
7
Let a(z) = 7*z**2 + 49*z - 5. What is a(-7)?
-5
Let z(n) = 6*n**2 - 40*n + 14. What is z(6)?
-10
Let s(x) = -x**2 - 2*x - 8. Determine s(-8).
-56
Let v(y) = -2*y**3 - 83*y**2 + 41*y - 34. What is v(-42)?
8
Let p(t) = -6*t - 32. What is p(-7)?
10
Let a(v) = -v + 10. Calculate a(-5).
15
Let y(w) = 6*w - 27. What is y(4)?
-3
Let t(s) = -s**2 + 5*s + 17. Determine t(-3).
-7
Let u(x) = -x**3 - 6*x**2 + 4*x. Determine u(-6).
-24
Let x(w) = 4*w + 5. Give x(-2).
-3
Let i(h) = -16*h + 62. Give i(3).
14
Let o(h) = h + 14. What is o(0)?
14
Let d(o) = 4*o + 28. What is d(-6)?
4
Let c(r) = -r**3 - 3*r**2 + 7*r + 5. What is c(-5)?
20
Let j(l) = -l**2 + 5*l + 1. What is j(4)?
5
Let u(g) = 5*g**2 + 106*g + 15. Give u(-21).
-6
Let h(g) = 29*g**3 - g**2 + g + 1. Give h(-1).
-30
Let x(f) = -f**2 + 17*f. What is x(0)?
0
Let p(f) = -f**3 + 5*f**2 - 4*f + 5. Calculate p(4).
5
Let y(u) = -u**2 - 7*u + 2. Give y(-7).
2
Let j(k) = k**3 - 9*k**2 + 11*k - 14. Give j(8).
10
Let w(f) = -13*f**2 - 2*f. Calculate w(2).
-56
Let c(g) = g**3 + 3*g**2 - 2*g + 3. Give c(-4).
-5
Let f(l) = l**2 - 10*l + 25. Calculate f(3).
4
Let t(a) = a**2 + 2*a - 9. Calculate t(0).
-9
Let u(j) = -19*j + 233. Determine u(12).
5
Let l(a) = a**3 - 35*a**2 + 65*a + 38. Determine l(33).
5
Let h(z) = -z - 7. Give h(4).
-11
Let c(s) = s + 2. What is c(-9)?
-7
Let m(h) = h - 15. Determine m(7).
-8
Let c(i) = -i**3 + i**2 + 13*i - 10. What is c(4)?
-6
Let i(l) = -l - 27. What is i(-15)?
-12
Let k(j) = 7*j + 112. Give k(-15).
7
Let g(q) = -2*q**2 - 10*q + 10. Give g(-5).
10
Let i(k) = -2*k**3 + 16*k**2 + 10*k - 76. Determine i(8).
4
Let i(s) = 2*s + 1. Determine i(-2).
-3
Let c(w) = -w**3 - 7*w**2 - 7*w. Determine c(-6).
6
Let m(g) = -2*g**2 + 33*g - 28. Calculate m(16).
-12
Let i(k) = 39*k + 235. Determine i(-6).
1
Let r(t) = 2*t + 21. Give r(-13).
-5
Let b(d) = d**2 - 9*d + 21. Determine b(5).
1
Let c(d) = 7*d**2 + 4*d + 4. Calculate c(-1).
7
Let s(u) = 3*u + 57. Determine s(-17).
6
Let x(l) = 2*l**3 + 32*l**2 - 7*l - 8. Calculate x(-16).
104
Let m(p) = -p**2 + 4*p + 9. Give m(7).
-12
Let j(a) = a - 5. Calcul